+ -4 + -1 - (-95 + 95)?
-6
Evaluate 3 + (2 - -2 - -1) + -7.
1
-5 - (7 + -8 - 0) - -4
0
-4 - ((-4 - -8) + -11)
3
Evaluate 37 + -33 + (-1 + 2 - 15).
-10
Evaluate 3 - (3 + 2 + 0 + -1).
-1
Evaluate -13 - (17 + -4 + -5 + -15).
-6
(-7 - -12) + 2 + -8
-1
Evaluate -1 + -1 + -1 + 13 + -9.
1
What is 13 + -3 - 6 - 4?
0
Calculate -1 - -2 - (-53 - -49).
5
What is 4 - (3 - -8 - (-1 - -5))?
-3
Calculate 4 - (0 + -4 + 2 + 3).
3
Evaluate -8 + (3 - (-2 + 2)).
-5
What is 13 + -15 + (3 - -3)?
4
What is the value of -5 + 7 + -7 + 6 + 3?
4
Calculate (7 - 29) + 6 + 12.
-4
Calculate -13 + 16 - (4 - -2) - -8.
5
Calculate 5 + (0 - 4 - -3) + -1.
3
Evaluate 4 + -3 + (-2 - -6).
5
-6 + 1 + (11 + 2 - 2)
6
Calculate 1 - ((-4 - -1) + (0 - -2)).
2
Calculate -2 - (1 + (-5 - 4 - -2)).
4
-15 + 16 - (1 - 1)
1
Evaluate -4 + 0 - (4 + -8 - -3).
-3
What is -8 - (-13 + (2 + 10 - 6))?
-1
Evaluate -27 - -24 - (-7 - (-1 + 1)).
4
Calculate (-3 - 3 - -7) + 2.
3
What is (-1 - -7) + -2 - (-9 - -13)?
0
Evaluate 5 - (2 - 2) - (8 - 12).
9
Calculate (5 - -6) + -9 + -8.
-6
(4 - 6) + 3 - (0 + 0)
1
-4 - -2 - (0 - 2)
0
Calculate -2 - ((0 - -6) + -8).
0
Calculate 2 - (-3 + 3 + 1 + 5).
-4
What is (4 - (3 - 1)) + -6?
-4
What is 14 + -1 + -6 + 7 + -7?
7
Evaluate -2 + 0 - (21 + -18).
-5
What is the value of 0 + 7 + -4 + 7 - 6?
4
Calculate -2 + (3 - -4 - -2) + -2.
5
What is 4 + (-4 - (-3 - -4))?
-1
What is the value of -1 - (7 + -7) - -4?
3
Calculate 7 + -14 + -6 - -9.
-4
Evaluate (-7 - 0) + 2 - (-2 - 1).
-2
What is the value of -6 + 7 - (1 + 0)?
0
What is the value of 3 + 1 + -7 + -7 + 13?
3
Calculate 5 + -1 + -4 + -3.
-3
Evaluate (0 - 6) + -69 + 75.
0
3 - (2 - 2) - 4
-1
Calculate 1 + -1 - (2 + (-11 - -7)).
2
What is -6 + 2 + -2 - (80 + -77)?
-9
What is 6 - 3 - 4 - 2 - 0?
-3
Calculate (-2 - -10) + -7 - (6 + 1).
-6
What is the value of 2 - 9 - (64 + -64)?
-7
Evaluate 3 + 3 + 4 + -7.
3
What is the value of 6 - (-3 + 10) - 1?
-2
What is the value of 3 + 1 - (7 + -3) - -4?
4
Calculate 5 - (5 + (2 - 4)).
2
3 + 1 + -5 + (4 - 3)
0
Evaluate -4 - (0 - -1 - (-6 + 4)).
-7
Evaluate -23 + 21 - (0 + 3).
-5
What is 8 + (1 - 4) + -1?
4
(-9 - (8 - 13)) + 6
2
What is -5 + -4 + 5 + 4?
0
Calculate (-3 - 1) + (-7 - -10).
-1
What is (-7 - -1) + -9 + -7 + 18?
-4
What is 6 + (0 - -2) - -1?
9
Evaluate 5 + 0 - (11 + -9).
3
What is the value of 10 + -7 + (-2 - 1 - -1)?
1
What is the value of -1 + -2 - (-6 - 2 - -10)?
-5
1 + (-7 - -13 - 2)
5
-1 + 2 + (-4 - -2) + 1
0
-10 + 6 + -6 - -10
0
Evaluate 7 - (14 - 6 - -5) - -4.
-2
-1 - ((-8 - -3) + 3)
1
Calculate (6 - (3 + -1)) + (13 - 21).
-4
Calculate 5 + -2 - (-6 + 8).
1
What is the value of 5 - ((15 - 2) + -13)?
5
Calculate 5 + 1 - (3 + 4).
-1
-5 - -12 - 1 - 0
6
Evaluate (3 - 7) + 5 + 3 + -4.
0
What is the value of (5 - (6 - 0)) + 4 + 2?
5
What is the value of 12 + 1 + (-15 - -7) + 3?
8
Calculate 9 + -10 + (2 - -1).
2
What is the value of -1 + -1 - ((-1 - -3) + -3)?
-1
Evaluate 7 - (2 + (-5 - (-2 - 1))).
7
What is the value of -4 - -9 - 2 - (1 + 2)?
0
Evaluate 2 + -1 - (0 - (0 + -2)).
-1
What is the value of (1 - (5 - 3)) + 1 - -6?
6
Evaluate 0 + -5 + 3 + (-6 - -3).
-5
What is the value of -6 + (0 - -3) + 5?
2
Evaluate 4 + (-12 - -3 - (-1 + -2)).
-2
6 - (3 - (-5 + 3))
1
Calculate -1 + 2 + -6 + -1 + 1.
-5
What is the value of -8 - -10 - (11 - 12)?
3
Calculate 1 + -3 - (9 - 16).
5
What is the value of (-3 - -2) + 0 + 4?
3
Evaluate 5 - 5 - (6 + -1).
-5
Evaluate (1 - 3) + 17 + -15.
0
Calculate -1 - -2 - (9 + -5 + -8).
5
Calculate -3 - (-6 + -2 + 1 + 0).
4
Evaluate -6 - -2 - (-7 + 2).
1
Evaluate (-1 - -1 - -1) + 2.
3
What is -3 + (-1 - (-6 + -3))?
5
Evaluate (1 - 0) + (-2 - -5) + 1.
5
What is 15 - 5 - (-1 - -4)?
7
What is the value of 4 + -6 - 5 - -5?
-2
Calculate 0 - (-2 + -1 - -8).
-5
What is -1 + -1 + (-6 - (8 - 18))?
2
What is the value of 6 - 3 - (7 + -6 + 4)?
-2
What is the value of -1 - ((-2 - 0) + 3)?
-2
12 + -9 - (-1 - -2 - 0)
2
What is the value of (-2 - 4) + 21 + -15?
0
Calculate (-1 - (-3 - (-9 - -4))) + 1.
-2
Calculate -4 - ((-2 - -3) + -3).
-2
What is -5 + -1 - (222 + -222)?
-6
Calculate -16 + 1 + (10 - 1).
-6
Evaluate (-2 - ((-3 - -1) + 2)) + 3.
1
Evaluate -3 - (5 + (5 - 5)).
-8
Calculate 3 - (-4 - -7) - -3.
3
What is the value of -2 + 5 - (23 + -29)?
9
What is the value of -1 - (7 + -1 - (-13 + 24))?
4
Evaluate -5 - 1 - (94 - 98).
-2
What is 0 + 1 + (5 - 14 - -7)?
-1
9 - 4 - (6 - 4)
3
-5 - 0 - (13 - 16)
-2
Calculate -12 - -6 - -3 - -5 - -5.
7
Evaluate 0 - (-2 + -1 + 6) - 1.
-4
What is 1 - 1 - (9 + -9) - -5?
5
0 + 1 + (-4 - -9 - 4)
2
What is the value of (-20 - 1) + 11 - -16?
6
Calculate 7 + 0 - (30 + -27).
4
Calculate -4 + -4 + 5 + (-1 - -1).
-3
-5 + (-9 - -6 - -12 - -3)
7
Evaluate 15 + -20 + (6 - 1) + 6.
6
Evaluate -2 - ((11 - 6 - -2) + -10).
1
-10 - (-3 + -11 - -11)
-7
What is the value of -1 + (-4 - (1 + 0) - 0)?
-6
What is -4 + -3 - (-1 - 3)?
-3
-1 - (2 - (13 + (1 - 6)))
5
What is (-5 + 4 - 7) + 6?
-2
Evaluate 3 + (4 - 9) - -5.
3
Evaluate -6 - (-3 - -1 - (-9 - -11)).
-2
Calculate 7 + -6 + (-1 - 3) - -1.
-2
What is 6 + (1 - (-1 + 4 - 0))?
4
What is 26 + -24 + -1 + 3 - -2?
6
What is -4 + (-2 - -11 - (6 + -2))?
1
(-3 - 0 - 7) + (29 - 21)
-2
3 + (0 - 0) + -3
0
Evaluate -19 + (8 - 3 - -6).
-8
Evaluate -2 - ((0 - -2) + (0 - -1)).
-5
What is -4 - (2 - (6 + -2 + -1))?
-3
Evaluate (-2 - -5 - (4 - 7)) + -3.
3
What is 27 + -30 - (-1 - 1) - -3?
2
What is 0 + (-12 - -8) + 4 + 2?
2
3 - (10 - (5 - 2)) - 0
-4
What is -7 + 9 + 2 + (1 - 1)?
4
What is the value of 0 - 0 - (2 - (3 - 0))?
1
Evaluate 6 + -10 + 3 + 5.
4
What is the value of (0 - -1 - (68 - 68)) + 2?
3
10 + -5 + -7 + 7
5
-10 - ((0 - 0) + -4) - -8
2
Evaluate 7 - (-1 + 1) - 13.
-6
What is 1 - -8 - 16 - (-14 + 0)?
7
Calculate -2 + -3 - (-13 + 8 + -4).
4
2 + (0 - 1) + 1 - 1
1
Evaluate 8 + (8 - 6) - 12.
-2
Calculate (0 + -1 - 1) + 2 + -2.
-2
What is 2 + (5 - 4) + 1?
4
What is the value of 1 + (-3 - -3 - 6)?
-5
What is -10 + -4 + 9 - (0 - 8)?
3
What is the value of -7 + (-3 - (3 + -12))?
-1
What is the value of (-1 - 0) + 8 + (4 - 8)?
3
Evaluate 2 - (3 + 11 + -6 + -8).
2
-4 - (-4 - -5) - -1
-4
Evaluate (-17 - -23) + (-2 - -3) + -1.
6
What is the value of -5 + 4 + 4 + -1?
2
Evaluate -1 - (-2 - (0 + -1)).
0
Evaluate -5 + -11 + (11 - 2).
-7
Evaluate (8 - 5) + -5 + (-9 - -16).
5
What is (-9 - -3) + 8 + 2 - 2?
2
What is the value of (-2 - 0) + (41 - 41)?
-2
Calculate 2 + -4 + -7 + 10 + -4.
-3
What is the value of -40 + 33 + -1 + 2?
-6
Evaluate (1 - 4 - -2) + 4 + 2.
5
Calculate 4 + 4 + (1 - 2 - 12).
-5
Calculate (-1 - -1) + -6 - (-33 - -24).
3
(-9 - (5 + -10)) + -2 + 3
-3
Calculate 1 - (0 + 2) - (61 - 61).
-1
What is the value of 0 - 0 - (0 + 1 + 0)?
-1
What is (4 + 7 - 12) + 3 + 0?
2
Calculate 0 - -1 - (-2 + 0 + 0).
3
Calculate 12 + (5 + -18 - -3).
2
1 + -7 + 5 + (-3 - -2)
-2
Evaluate (-7 - -5) + 2 + -2 + 5.
3
Evaluate (2 - (-2 + 0)) + 20 + -27.
-3
Calculate 2 + -10 + 3 - 1 - 3.
-9
1 - 9 - (4 - 8)
-4
What is the value of (-12 - -9) + 5 + 1?
3
What is (-4 + 2 - 0) + -5?
-7
5 + -10 + 7 + -3
-1
Calculate 2 - (-11 + 2 + 1 + 3).
7
Calculate 7 - 13 - (1 - (3 + 2)).
-2
What is 1 + -8 - (-5 + (1 - 1))?
-2
What is the value of 0 + (-6 - (-12 + 5))?
1
Evaluate 5 + -1 + 1 - 3.
2
-6 + 1 + (0 + -2 - -9)
2
What is 5 - ((-2 - 2) + 8)?
1
5 - (4 + -6 - -3)
4
What is 0 + (11 - 12) - (-4 - 2)?
5
-4 + 1 + (0 - -1)
-2
What is 19 + -1 + -10 - 14?
-6
(3 - 1 - -3) + 2 + -2
5
Calculate (-44 - -56) + (-22 - -3).
-7
Calculate -83 - -79 - (1 + 1).
-6
What is (0 - -9) + (-29 - -23)?
3
Calculate 1 + 2 + (4 - (9 - 2)).
0
Evaluate 1 - (4 + 6) - -9.
0
Calculate 6 - ((0 - -2 - -2) + -2).
4
What is (-4 + 10 - 12) + 9?
3
(-3 - 0) + (0 - -2)
-1
Calculate (1 - (-2 - -10)) + (76 - 71).
-2
Calculate 17 + (-8 + 10 - 10).
9
What is the value of (1 - 2 - -1) + 2?
2
What is 58 + -52 + (-5 - (-1 + 2))?
0
5 + -4 + -5 + 7
3
337 + -344 + (0 - -1 - -15)
9
Evaluate 8 - (17 - (-4 + 12)).
-1
11 + -3 - (24 + -21)
5
What is the value of 0 + 7 + (-4 + -1 - -2)?
4
Evaluate 0 - (-7 + 4) - (2 + -1).
2
Calculate (18 - 2) + (-25 - -16).
7
Evaluate 2 + -4 + -4 + 1.
-5
What is (1 - 0) + -4 + 6?
3
What is -12 + 1 + 6 - -8?
3
What is 0 - (1 - 2) - -3 - 2?
2
What is the value of (-5 - (-5 - (-4 - -5))) + 3?
4
Evaluate 1 + 0 - 11 - -15.
5
-3 + 0 + 8 + (-1 - 5)
-1
What is the value of -8 + 7 + -7 + 3 